 is the remainder when 926983 is divided by 435?
433
Calculate the remainder when 4119 is divided by 4110.
9
Calculate the remainder when 142934 is divided by 71441.
52
What is the remainder when 1894 is divided by 617?
43
What is the remainder when 3107 is divided by 36?
11
What is the remainder when 4174 is divided by 2085?
4
Calculate the remainder when 150601 is divided by 46.
43
What is the remainder when 33892 is divided by 77?
12
Calculate the remainder when 70476 is divided by 17450.
676
Calculate the remainder when 125902 is divided by 4496.
14
Calculate the remainder when 13157 is divided by 6026.
1105
What is the remainder when 2242 is divided by 439?
47
What is the remainder when 7799 is divided by 982?
925
What is the remainder when 113915 is divided by 9490?
35
What is the remainder when 109308 is divided by 488?
484
Calculate the remainder when 223437 is divided by 56.
53
Calculate the remainder when 41249 is divided by 7.
5
Calculate the remainder when 280176 is divided by 1906.
1900
Calculate the remainder when 4347 is divided by 881.
823
What is the remainder when 3652 is divided by 105?
82
Calculate the remainder when 6114 is divided by 85.
79
What is the remainder when 1825 is divided by 918?
907
What is the remainder when 13528 is divided by 4382?
382
Calculate the remainder when 5337 is divided by 77.
24
Calculate the remainder when 140842 is divided by 97.
95
What is the remainder when 115204 is divided by 2351?
5
What is the remainder when 422164 is divided by 3?
1
What is the remainder when 1213 is divided by 681?
532
What is the remainder when 1916 is divided by 1877?
39
Calculate the remainder when 3438 is divided by 843.
66
Calculate the remainder when 47458 is divided by 15799.
61
What is the remainder when 5507 is divided by 1025?
382
Calculate the remainder when 7623 is divided by 51.
24
What is the remainder when 5001 is divided by 832?
9
Calculate the remainder when 141716 is divided by 819.
29
What is the remainder when 23857 is divided by 680?
57
What is the remainder when 7771 is divided by 825?
346
Calculate the remainder when 1211 is divided by 1123.
88
What is the remainder when 330367 is divided by 37?
31
What is the remainder when 3686 is divided by 729?
41
Calculate the remainder when 4605 is divided by 458.
25
Calculate the remainder when 2921 is divided by 164.
133
What is the remainder when 34490 is divided by 480?
410
Calculate the remainder when 12046 is divided by 8.
6
What is the remainder when 297278 is divided by 153?
152
Calculate the remainder when 19564870 is divided by 41.
39
Calculate the remainder when 3116303 is divided by 51.
50
What is the remainder when 254016 is divided by 36284?
28
Calculate the remainder when 47889 is divided by 29.
10
What is the remainder when 1664 is divided by 62?
52
Calculate the remainder when 137117 is divided by 89.
57
What is the remainder when 65872 is divided by 54?
46
Calculate the remainder when 182156 is divided by 9.
5
Calculate the remainder when 4190 is divided by 1390.
20
Calculate the remainder when 22049 is divided by 108.
17
Calculate the remainder when 234682 is divided by 77.
63
What is the remainder when 4127 is divided by 64?
31
What is the remainder when 38255 is divided by 478?
15
What is the remainder when 3042 is divided by 89?
16
Calculate the remainder when 35046 is divided by 403.
388
Calculate the remainder when 7156 is divided by 421.
420
What is the remainder when 2538099 is divided by 2?
1
Calculate the remainder when 1798 is divided by 89.
18
Calculate the remainder when 13130 is divided by 13063.
67
Calculate the remainder when 695736 is divided by 28.
20
What is the remainder when 4556 is divided by 299?
71
Calculate the remainder when 361842 is divided by 120606.
24
What is the remainder when 6547 is divided by 1634?
11
Calculate the remainder when 33353 is divided by 124.
121
What is the remainder when 4384 is divided by 162?
10
What is the remainder when 1202 is divided by 462?
278
What is the remainder when 105362 is divided by 52670?
22
What is the remainder when 20136 is divided by 809?
720
What is the remainder when 1709695 is divided by 309?
307
Calculate the remainder when 14176 is divided by 7041.
94
What is the remainder when 60897 is divided by 145?
142
What is the remainder when 14884 is divided by 102?
94
What is the remainder when 1414 is divided by 77?
28
What is the remainder when 2886244 is divided by 962072?
28
Calculate the remainder when 286276 is divided by 340.
336
Calculate the remainder when 125699 is divided by 17957.
0
Calculate the remainder when 121047 is divided by 34.
7
What is the remainder when 21092 is divided by 39?
32
Calculate the remainder when 21894 is divided by 184.
182
What is the remainder when 257 is divided by 21?
5
Calculate the remainder when 243368 is divided by 24333.
38
Calculate the remainder when 425779 is divided by 1789.
1786
Calculate the remainder when 4844 is divided by 63.
56
What is the remainder when 66428 is divided by 33184?
60
What is the remainder when 12908 is divided by 190?
178
Calculate the remainder when 74373 is divided by 25.
23
Calculate the remainder when 2399 is divided by 70.
19
Calculate the remainder when 555 is divided by 541.
14
What is the remainder when 7440 is divided by 3715?
10
Calculate the remainder when 21699 is divided by 482.
9
Calculate the remainder when 2569 is divided by 398.
181
What is the remainder when 51010 is divided by 117?
115
What is the remainder when 21128 is divided by 1007?
988
Calculate the remainder when 49554 is divided by 16515.
9
Calculate the remainder when 21721 is divided by 2847.
1792
Calculate the remainder when 632 is divided by 74.
40
Calculate the remainder when 214303 is divided by 1246.
1237
What is the remainder when 1645 is divided by 325?
20
What is the remainder when 3794 is divided by 933?
62
What is the remainder when 219 is divided by 56?
51
What is the remainder when 4767 is divided by 41?
11
What is the remainder when 1106 is divided by 744?
362
What is the remainder when 171554 is divided by 1114?
1112
Calculate the remainder when 35240 is divided by 2167.
568
Calculate the remainder when 781539 is divided by 527.
525
What is the remainder when 28075 is divided by 26?
21
Calculate the remainder when 38951 is divided by 72.
71
Calculate the remainder when 152348 is divided by 19043.
4
Calculate the remainder when 11883 is divided by 1315.
48
What is the remainder when 16068 is divided by 3986?
124
What is the remainder when 6720 is divided by 6378?
342
What is the remainder when 7140 is divided by 1955?
1275
Calculate the remainder when 761 is divided by 54.
5
Calculate the remainder when 422389 is divided by 52796.
21
Calculate the remainder when 2385 is divided by 2309.
76
Calculate the remainder when 108033 is divided by 29.
8
Calculate the remainder when 183310 is divided by 894.
40
What is the remainder when 6904 is divided by 300?
4
What is the remainder when 3926 is divided by 962?
78
What is the remainder when 1108 is divided by 10?
8
What is the remainder when 4891150 is divided by 24?
22
What is the remainder when 15011 is divided by 4993?
32
What is the remainder when 28008 is divided by 96?
72
Calculate the remainder when 3615 is divided by 1393.
829
Calculate the remainder when 17194 is divided by 95.
94
Calculate the remainder when 17388 is divided by 295.
278
Calculate the remainder when 1355 is divided by 1071.
284
What is the remainder when 609 is divided by 146?
25
Calculate the remainder when 4408 is divided by 2204.
0
What is the remainder when 243075 is divided by 65?
40
Calculate the remainder when 13027 is divided by 157.
153
What is the remainder when 23861 is divided by 62?
53
Calculate the remainder when 5785 is divided by 22.
21
Calculate the remainder when 122186 is divided by 32.
10
What is the remainder when 5480241 is divided by 84?
81
What is the remainder when 2578 is divided by 30?
28
What is the remainder when 104788 is divided by 40?
28
What is the remainder when 1518 is divided by 332?
190
What is the remainder when 9010 is divided by 2242?
42
Calculate the remainder when 14929 is divided by 355.
19
Calculate the remainder when 5026 is divided by 5002.
24
W